2, 2*u - 10 = -5*b + 38. What are the prime factors of u?
2, 7
Suppose -2*r + 4*a = -20, r = -a - 3 + 1. Suppose -5*c + 8 + 2 = 0. Suppose 4*d + r*t - 15 = 13, -c*d + 14 = 4*t. What are the prime factors of d?
7
Suppose 2*h + 2*c - 20 = 0, -2*c - 3*c = h - 30. Suppose 2*f = -0*f + 4*d + 70, -h*f = -4*d - 175. What are the prime factors of f?
5, 7
Let c(i) = 47*i - 1. Let y be c(-1). What are the prime factors of y*(0 + (-1)/3)?
2
Let l be -157*2*10/(-20). Suppose -7*u + 3*u = -v - l, -u = -4*v - 58. List the prime factors of u.
2, 19
Suppose 0 = -5*n + 43 - 8. What are the prime factors of ((-7)/(n/50))/(-2)?
5
Let c be (2 + -2 + 2)*-2. What are the prime factors of (-6 - c)/((-4)/14)?
7
Suppose -i + 4*f = 4*i - 735, -2*f = 0. List the prime factors of i.
3, 7
Let f be (1 - 2)/(1/(-2)). Let g(a) = 6*a - 3 + a**f + 0*a**2 - 4. List the prime factors of g(-8).
3
Let l(j) = 48*j - 11. What are the prime factors of l(2)?
5, 17
Let h = -1 - -4. What are the prime factors of (h/(-1))/3 - -4?
3
Let d(u) = -11*u - 16. List the prime factors of d(-8).
2, 3
Let p = 7 - 1. List the prime factors of (p/(-9))/((-1)/39).
2, 13
Suppose -3*n + 58 = 2*n - h, 4*n = -3*h + 35. Suppose 5*x = 4 + n. List the prime factors of x.
3
Suppose -2*v - 60 = -4*s, -2*s + 2*v + 38 = -v. Let n = 21 - s. What are the prime factors of n?
2
Let i(q) = 2*q. Suppose 4*l + 5*n + 16 = 0, 2*l - 3*l - 2*n = 7. Let j = l - -1. List the prime factors of i(j).
2
Suppose g - 3 + 0 = 0. Suppose -3*w = 3*u - 39, -3*w = 2*u - g*u - 27. What are the prime factors of w?
2, 5
Let w = -11 + 11. Suppose -18 = -w*d - 2*d. List the prime factors of d.
3
Let h(r) = r**3 - r**2 + 2. Let v be h(2). Let g = 61 + -88. List the prime factors of 2/(-3)*g/v.
3
Suppose 5*a - 1 = 9. List the prime factors of (a*1)/((-8)/(-16)).
2
Suppose -5*v + 10*v = 480. List the prime factors of v.
2, 3
Let b(f) = 2*f. Suppose 0 = 2*c - 4*p - 22, -4*c + 4*p + 50 - 18 = 0. Suppose 2*g - l = 10, 35 = 5*g - c*l - 0. What are the prime factors of b(g)?
2, 3
Let y = 80 - -35. What are the prime factors of y?
5, 23
Let z(h) = -30*h + 17. List the prime factors of z(-5).
167
Let r(o) = o**2 - 6*o - 13. List the prime factors of r(11).
2, 3, 7
Suppose r - 6 = -3. Suppose r*f = 5*f - 6. What are the prime factors of f?
3
Let a be 16/3 + (-12)/(-18). Suppose 3*n = n + a. Suppose n*k - 4 - 14 = 0. What are the prime factors of k?
2, 3
Let n be 1/(-1)*-19 + -1. What are the prime factors of (-5 + n)*(0 + 1)?
13
Let w = -5 + 4. Let r = w - -3. List the prime factors of r.
2
Suppose -3*l - 3 = -4*l. Suppose -j + 38 = -o - l*j, 0 = -j - 5. Let h = -18 - o. List the prime factors of h.
2, 5
What are the prime factors of (-2 - 134/(-4))*2?
3, 7
Let v(t) = 4*t + 2. Let a(r) = 2*r + 1. Let z(g) = 13*a(g) - 6*v(g). Let w = -2 + 4. What are the prime factors of z(w)?
5
Let y(t) be the second derivative of -9*t**5/20 - t**2/2 - 2*t. Let s be y(1). What are the prime factors of (s/(-3))/((-8)/(-12))?
5
Suppose 5*x = 12 + 3. What are the prime factors of x?
3
Suppose 2*m = -3*u + 12 + 2, 0 = -2*m - 5*u + 6. Let w = 31 - m. List the prime factors of w.
2, 3
Let g(a) = 2*a - 2. Suppose -4*u + 5*s + 22 = 0, -s = 2*u - 3*u + 6. Let x = u + -3. What are the prime factors of g(x)?
2
Let c be (-2)/((2/3)/(-1)). Suppose -2*f = 5*d + 23, 3*f + f = c*d + 19. Suppose f = p - 5. What are the prime factors of p?
2, 3
Let x = -1 - -3. Suppose 4*o - 6 + 2 = -x*a, 4*o - 2 = -a. Suppose o = 4*k - 16. List the prime factors of k.
2
Let x(u) = 12*u + 1. List the prime factors of x(1).
13
Suppose -2*c = 2*c. Let n = 20 + c. What are the prime factors of n?
2, 5
List the prime factors of (-27)/(-2)*88/12.
3, 11
Suppose 5*m + 15 = 6*m. What are the prime factors of m?
3, 5
Let y = 85 + -31. Let h = y - 26. Let i = -20 + h. List the prime factors of i.
2
Let a = 130 - 70. List the prime factors of a.
2, 3, 5
Suppose -j = -5*j - 2*t + 14, 0 = -5*j + 4*t - 2. Suppose -5*w + 15 = j*m - 7, -2*m + w = -10. What are the prime factors of m?
2, 3
Let a = 97 - 7. What are the prime factors of a?
2, 3, 5
Let n(d) be the third derivative of d**6/120 + d**5/6 - d**4/12 + 5*d**3/6 + 8*d**2. List the prime factors of n(-10).
5
Suppose 222*g + 480 = 224*g. List the prime factors of g.
2, 3, 5
Let v be (-22)/4 + 3/2. Let k(f) = 2*f**2 + 4*f + 3. What are the prime factors of k(v)?
19
Let a be 2 + 0 - 5*-5. Suppose a - 3 = 3*n. Let h = n - 5. List the prime factors of h.
3
Let x = -14 - -9. Let r(b) = -9*b - 5. List the prime factors of r(x).
2, 5
Let d = -2 + -2. Let j(o) = -o**3 - 2*o**2 + 7*o + 5. List the prime factors of j(d).
3
Suppose 0 = l + 3 + 1. Let a(q) = q**3 + 4*q**2 + q + 4. Let k be a(l). Suppose k = x + 3*t - 2*t - 8, 5*x = 4*t + 4. What are the prime factors of x?
2
Let t(n) = n**3 + 11*n**2 - n - 4. Let d be t(-11). Suppose k - w = d + 2, -4*w = -3*k + 26. What are the prime factors of k?
2, 5
Let w be 108/8*2/3. Suppose 3*a + 2*d - 1 = 0, -4*a + 5*d + w = -0*a. Let g = a + 1. What are the prime factors of g?
2
Suppose 14*d - 9*d - 15 = 0. Suppose d*b + 27 = 2*c, c - b = 17 - 3. List the prime factors of c.
3, 5
Let h = 27 - 22. Suppose h*r - 5*z - 178 = -z, 4*r - z = 149. List the prime factors of r.
2, 19
Let p(k) be the first derivative of -k**3/3 + 11*k**2/2 - 7*k + 4. What are the prime factors of p(8)?
17
Let u(x) = -x**2 + 8*x + 2. Let s be u(4). Suppose s = d + d. Suppose b = -y + 15, -y - d = -3*y + 5*b. List the prime factors of y.
2, 3
Let w = 7 + -9. Let u be w/(-3) - (-170)/6. Let g = u + -15. List the prime factors of g.
2, 7
Let a be -1 + -6 + 1 + 1. Let k = 38 - 24. Let r = a + k. List the prime factors of r.
3
Let q = 4 + -1. Let a(r) = r - r - r**3 - r - q*r**2 - 2*r. List the prime factors of a(-3).
3
Let d be 0*((-2)/6 + 0). Suppose 4*v + 3*k - 27 = d, v - k = -v + 11. What are the prime factors of v?
2, 3
Let f(h) = -10*h + 2. Let q be f(2). List the prime factors of ((-13)/3)/(6/q).
13
Let d(y) = 11*y**2 + 19*y - 21. Let w(k) = -5*k**2 - 9*k + 10. Let m(h) = 4*d(h) + 9*w(h). Let l be m(-7). List the prime factors of l/12 + 11/3.
3
Suppose -b + 49 = 2*b + j, 0 = -b - 4*j - 2. Suppose 5*h = -x + 18, x - h + 0*h = b. Suppose z = -2*z + x. List the prime factors of z.
2, 3
What are the prime factors of (57 - 0)*(-1)/(-3)?
19
List the prime factors of (24/(-3))/((-16)/8).
2
Suppose 45 = 2*y + 3*y. Let x(n) = 7 - y*n + n**2 + 2*n**2 - 2*n**2. What are the prime factors of x(9)?
7
Suppose 3*l + l - 16 = a, -1 = -3*l - 2*a. What are the prime factors of l?
3
Suppose u + i - 25 = 0, 0 = -2*u - i + 23 + 30. Suppose -z - 12 - u = -3*f, 5*f + 2*z = 52. What are the prime factors of f?
2, 3
Suppose 4*q - 35 = 3*v, -2*q = 2*q + 3*v - 53. Suppose 20 = -5*g, 2*i = -5*g + q + 29. List the prime factors of i.
2, 3, 5
Let z be 2 + (0 - (0 - 1)). Suppose 0 = -z*g + 5 + 22. Let j = g - 5. What are the prime factors of j?
2
Suppose 4*m = 3*n - 54, 5*m + 54 + 11 = 5*n. Let h be 2/(-4) + 39/(-6). Let o = h - m. List the prime factors of o.
2
Let u(z) = -z**3 + 14*z**2 + 3*z + 28. List the prime factors of u(14).
2, 5, 7
Let r(b) = 10*b**2 + 24*b + 17. Let t(m) = -3*m**2 - 8*m - 6. Let p(g) = -2*r(g) - 7*t(g). Let a be p(-7). List the prime factors of a*11/(2/2).
11
Let k = -6 - -9. Suppose -3*p + 2*j + 3 = k*j, -2*j = -2*p + 2. What are the prime factors of (p - 1/3)*6?
2
Let u be (-8)/(-28) + 19/7. Let o = -1 + u. What are the prime factors of (o/3)/(1/6)?
2
Let d = -8 + 47. Suppose 2*v + d = 5*v. What are the prime factors of v?
13
Let p be 3/(-3)*1 - -1. Suppose -2*d + 4 + 2 = p. Suppose 2*x + 19 = 3*a, 0*a - 48 = -4*a - d*x. What are the prime factors of a?
3
Suppose 3*t + 9 = m, -4*m - t - 7 = -4. Let r = 3 - m. Suppose -r*v - 2*v + 50 = 0. List the prime factors of v.
2, 5
Let s(l) = l - 10. List the prime factors of s(14).
2
Let v = 132 + -69. What are the prime factors of v?
3, 7
Suppose -4*o = -7*o - 66. Let r be (-2 + o)/(3/2). What are the prime factors of 1/(-4) + (-180)/r?
11
Let i(w) = -2 + 4*w - 2*w + 6*w - 3*w. List the prime factors of i(2).
2
Let w be (1 - 0)/(2/4). Let b be w + (-9)/(-2 - -5). List the prime factors of (-1 - b) + (-9)/(-1).
3
Let o = -20 + 79. What are the prime factors of o?
59
Suppose 4*o = -2*d + 120, 3*d + 3*o - 220 = 5*o.